= 7*l**2 - 42*l - 661. Let x(u) = -6*g(u) - z(u). What is x(56)?
-9
Let s(w) = 2*w**3 - w**2. Let r(x) = 2*x + 28. Let n = 35 + -33. Let i(k) = 2*k + 28. Let t(c) = n*i(c) - 3*r(c). Let u be t(-15). What is s(u)?
12
Let g(s) = 5*s - s + 3 + 2*s**2 - 6*s. Suppose -32 + 14 = -6*b. Determine g(b).
15
Let w(c) be the second derivative of -c**5/10 + c**4/12 + c**3/6 - c**2/2 + 134*c. Give w(-2).
17
Let c(r) be the third derivative of r**6/120 + r**5/60 - 11*r**4/24 + r**3/2 + 3116*r**2 + r. Calculate c(3).
6
Let l be (-1 - (-1 + -1)) + 1. Suppose -l*y - 2*i = 3*y - 176, -i + 34 = y. Let c(p) = -26 - 8*p - y + 68 - p**2. Determine c(-8).
6
Let v = -18 + 13. Let o(j) be the third derivative of j**4/6 + 5*j**3/6 - 3*j**2 + 55. Determine o(v).
-15
Suppose -245 = 144*s + 11 + 176. Let b(t) = -14*t + 22. Give b(s).
64
Suppose 3 = 3*c - 12. Suppose -5*r + 0*r - c*v = -5, 0 = 3*r - v - 19. Let n(f) be the first derivative of f**2 - 6*f - 1. Determine n(r).
4
Suppose 3*f - 27 = -3*y, -30*y + 29*y + 5 = 0. Let c(o) = -3*o**3 + 6*o**2 - 2. Let w(k) = -16*k**3 + 31*k**2 + k - 10. Let r(u) = 11*c(u) - 2*w(u). Give r(f).
-10
Let k(v) = v - 16. Let c be 639/(-71) - (0 + -25). Calculate k(c).
0
Let s = -5 + -7. Let j(z) = -z**2 - 8*z + 17. Calculate j(s).
-31
Let i(k) be the third derivative of -4*k**2 + 0 + 0*k - 13/6*k**3 + 1/3*k**4 - 1/60*k**5. Determine i(6).
-1
Suppose -383 = -9*l - 329. Let z(n) = 33 - 72 - 7*n + l*n + 36. Calculate z(-5).
2
Let t(w) = 2*w - 4. Let f = -88 + 82. Let c be 280/49 + f/(-21). Determine t(c).
8
Let x(f) be the first derivative of -1/4*f**4 - 88 - 3*f - 1/2*f**2 + f**3. Let g = 19 - 16. Determine x(g).
-6
Let p be (5 + (-2 - 0 - 2))*5. Let w(r) = r**3 - 9*r**2 - 3*r - 7. Let x(k) = k**3 - 10*k**2 - 3*k - 8. Let n(a) = -4*w(a) + 3*x(a). What is n(p)?
44
Let v(n) = n**2 - 5*n - 4. Let c be 138 - (-1 - 3 - -1). Let w = c - 85. Let f = w - 50. What is v(f)?
2
Let s(r) = -13*r - 9. Let g(t) = -15*t - 10. Let o(m) = 5*g(m) - 6*s(m). Suppose -4*x + 2*n = 9 - 27, -4*x + 33 = 3*n. Give o(x).
22
Let o(d) = -d**3 + 10*d**2 - 16*d + 14. Suppose -248 = -7*g - 185. Determine o(g).
-49
Let v(r) = -5*r + 11. Let p be 489 - 11 - 24/4. Let k = -467 + p. Calculate v(k).
-14
Let l be (655/1048)/((-20)/(-16)). Let m(a) be the second derivative of -42*a + l*a**2 + 0 - 1/6*a**3. What is m(-4)?
5
Let c(l) = -7*l - 75. Let h be (-4)/((-88)/(-99))*2. Give c(h).
-12
Let y(d) = d**3 + 5*d**2 - 6. Suppose 22 = -u + 5*w - w, -2*w + 2 = u. Determine y(u).
-42
Let z be 2 - -7 - (-180)/(-30). Let k(i) be the third derivative of -1/24*i**4 + 0 + 0*i + 21*i**2 + 4/3*i**z. Give k(6).
2
Let p(z) = z**3 - 7*z**2 + 3*z - 7. Suppose -61*o + 43*o = -90. Calculate p(o).
-42
Let a(b) = b**3 - 4*b**2 + 6*b + 4. Let r(w) = 3*w**3 - 8*w**2 + 18*w + 10. Let u(k) = 5*a(k) - 2*r(k). Calculate u(-3).
9
Let y(w) = w**3 + 8*w**2 - 62*w - 4. Let l be (9/(-81)*1)/((-8)/360). Calculate y(l).
11
Let b(r) = -4*r**3 + 7*r**2 - 7*r + 6. Let a be (1/4)/((-16)/128). Let s(q) = 13*q**3 - 22*q**2 + 22*q - 19. Let z(d) = a*s(d) - 7*b(d). Calculate z(3).
20
Let w be (-312)/(-169) - 2/(-13). Let i(k) = -14*k + 14. Calculate i(w).
-14
Let s(g) be the third derivative of -g**4/8 + 2*g**3 + 379*g**2. Suppose -3*q = 5*y - 47 + 13, 0 = y + 3*q - 14. Determine s(y).
-3
Let i be 1*(-21 - -8) + 915/61. Let g(o) = 16*o**3 - 5*o**2 + 26*o - 26. Let p(b) = -3*b**3 + b**2 - 5*b + 5. Let x(y) = -2*g(y) - 11*p(y). Give x(i).
7
Let u = 224 + -214. Let z be (6 - 52/u)/(4/(-10)). Let y(w) = -10*w - 1. Calculate y(z).
19
Let t be (-9)/(-33) + (-329)/77. Let x(z) = -z**3 - 3*z**2 + 3*z + 15. What is x(t)?
19
Let a(v) = 1. Let g be 5*(-1 + (-2 - 0)*-1). Let r(c) = 6 - 9*c**2 + 1 - g. Let k(t) = 2*a(t) - r(t). Determine k(1).
9
Let s be 3 + (-2)/(1 - (-35)/(-34)). Let q = s + -71. Let p(i) = -i - 13. Calculate p(q).
-13
Let a = -3 - -8. Let n(o) = -o**2. Let i be n(0). Let f = i - a. Let q(j) = j - 1. Determine q(f).
-6
Let j(u) = -u**3 - 21*u**2 + 4. Let b be j(-21). Suppose 0 = i - t - 6 - 1, -b*t = -5*i + 35. Let r(v) = -2*v + 4. Give r(i).
-10
Let a = -117 + 119. Let w(r) = -9*r - 4. Let s(q) = -45*q - 18. Let j(g) = a*s(g) - 11*w(g). Let h(x) = 29*x + 24. Let c(p) = 2*h(p) - 7*j(p). What is c(-6)?
22
Let x be 48/20 + 8/(-20). Suppose -8*w + x*w = -372. Suppose -w*v = -56*v - 24. Let j(t) = t - 8. Determine j(v).
-4
Let o(u) = u**3 - 3*u + 3. Let l(w) be the first derivative of -7*w**2/2 + 16*w - 11. Let r be l(2). Suppose 18 = -f - 4*z, 4*f + 3*z = -5 - r. What is o(f)?
5
Let w(g) = 5*g + 0*g + 3 - 1 - g**2. Let u = -77171 + 77175. Calculate w(u).
6
Let z(c) = c - 3. Let v(x) = -x + 2. Let g(a) = -3*v(a) - 2*z(a). Suppose 0 = -6*h + 110 + 106. Let w be (0/h)/(1/(-1)). Determine g(w).
0
Suppose 4 = 8*c - 10*c - 2*w, -2*w - 28 = -2*c. Let h(m) = 11*m - 86. What is h(c)?
-20
Let s(f) = f**2 - 5*f + 4. Suppose -3*v + 7*v - 13 = -c, 3*v + c = 11. Suppose -v*d + 19 = 5*g, 3*g - g - 4*d - 22 = 0. Calculate s(g).
4
Suppose 3*h - 2*k = 6*h - 421, 4*k = 5*h - 731. Let i be (-4)/26 - -4*220/h. Let q(z) = -z**2 + 8*z - 4. Calculate q(i).
8
Let l = -5 - 1. Let h(w) = 3*w + 5. Let s(q) = -23*q - 34. Let d(m) = -6*h(m) - s(m). Give d(l).
-26
Suppose 48 = 4*g - 52. Suppose -5*k + 3*j = 35, -j - 4*j = -g. Let a(m) = -55*m + 17*m - m**3 + 9*m + 4 + 16*m + 12*m - m - 5*m**2. Determine a(k).
-4
Let i = 3786 - 3783. Let l(f) be the third derivative of 1/24*f**4 - 7/6*f**i + 6*f**2 + 0*f + 0. What is l(5)?
-2
Suppose -3*a = i - 0*i + 6, -3*i - 3*a - 6 = 0. Suppose 3*o = -5*z + 7*o - 38, i = -5*z - 4*o - 22. Let w(q) = q**2 + 9*q + 5. Determine w(z).
-13
Let j(z) = 4*z + 21. Let f(m) be the first derivative of -4*m**2 - 46*m - 91. Let d(k) = -4*f(k) - 9*j(k). What is d(8)?
-37
Let a = -1335 + 1343. Let n(f) = f**3 - 9*f**2 + 12*f - 1. Give n(a).
31
Let r(p) = p**3 + 7*p**2 - 2*p - 19. Suppose 3*i - 11 = -j, 18 = -26*i + 29*i. Give r(j).
-5
Let m = 3830 - 3827. Let v(y) = -7*y + 26. What is v(m)?
5
Let k = 871 + -872. Let n(p) = -7*p + 14 + 6*p - 13. What is n(k)?
2
Let f(l) = 2*l**2 - l - 3. Let o be -6 - (-120 - (-4 - -7)). Suppose -114*v = -o*v + 12. Determine f(v).
25
Let l(i) = -i + 2. Suppose 0 = 3*v + 15, -2*m + 4*v = -48 - 38. Suppose -j + 15 = -3*j + 3*b, 5*j = 3*b - m. What is l(j)?
8
Let k(g) = g**3 + 5*g**2 + 3*g - 7. Let q be k(-5). Let n = -27 - q. Let p(r) = -2505 - r + 2505. What is p(n)?
5
Suppose -3*f + 6 - 6 = 0. Let g(p) be the second derivative of 1/20*p**5 + 1/12*p**4 + 0 - p**2 + 0*p**3 - 16*p. Calculate g(f).
-2
Let o(t) = -6*t - 2. Let a be (2 - 7)*(2 + -6 - 24). Let f = -146 + a. What is o(f)?
34
Let u(w) = -w**3 + 3*w**2 + 7*w - 4. Let i(g) = -37*g - 144. Let a be i(-4). Determine u(a).
8
Let z be (1*(3 + -4) - -4)*86. Let m(u) = -259*u + 1 + z*u + 1. What is m(11)?
-9
Let g(b) = -4*b - b**2 + 4*b - 12. Suppose -2868 = -3*t - 9*t. Let v = t - 239. Calculate g(v).
-12
Suppose -4*l - 6 = 2*o, 126 = -4*o + 106. Let x(j) = -27*j**2 - 2*j + 2. Determine x(l).
-27
Let l(n) be the third derivative of 2*n**6/15 - n**5/30 + n**4/24 - 125*n**2. Suppose 4*a = f + 26 - 19, 2 = 5*a + f. Give l(a).
15
Suppose -6*g - 45 = -3. Let h(b) be the first derivative of -b**4/4 - 7*b**3/3 - b**2/2 - b + 30. Calculate h(g).
6
Let y be -2 + (4 - 6) - -8. Suppose -r = 42*f - 38*f + 51, y*f + 39 = 3*r. Let v(q) = q - 2. Give v(f).
-14
Let b = -496 - -495. Let p(q) = 13*q**2 - q + 0*q + 1 + 3*q + 0*q. Determine p(b).
12
Let f(x) = -x. Let v(u) = u**2 - 5*u + 2. Let b(s) = -2*f(s) + v(s). Let n(h) = 3*h**2 - 3*h + 4. Suppose 21 - 15 = 6*c. Let l be n(c). Calculate b(l).
6
Let f(v) = 3*v**3 + 37*v**2 + 41*v - 57. Let m(j) = 2*j**3 + 25*j**2 + 28*j - 39. Let p(u) = 5*f(u) - 7*m(u). Calculate p(-9).
-12
Suppose 0 = -f + 333 - 93. Suppose 239*a = f*a. Suppose 2*o - 2 + 10 = a. Let b(v) = v**2 + 4*v + 2. What is b(o)?
2
Let k(g) be the second derivative of g**5/20 + 7*g**4/12 + 5*g**3/6 + 95*g**2/2 + 10868*g. Give k(-8).
-9
Let h(c) be the third derivative of c**6/120 + c**5/20 - c**4/12 + c**3/6 + 9*c**2 + 4*c. Suppose 5*n = -38 + 183. Let i = n - 32. What is h(i)?
7
Let m(d) = 10*d**3 + 3*d**2 + 10*d + 44. Let z(s) = 3*s**3 + s**2 + 3*s + 15. Let b(a) = -2*m(a) + 7*z(a). Let q(f) be the first derivative of b(f). Give q(-1).
2
Suppose -